 the prime factors of c?
2, 3, 7, 19
Suppose -172 = -d - 0*d. Let a be d/(-16)*-1*-4. Let r = a + 90. List the prime factors of r.
47
Let d(r) = 2*r - 8. Let v be d(4). Suppose 5*y = 5*k - 395, v = 4*k + y + 3*y - 324. What are the prime factors of k?
2, 5
Let s(h) = -h**3 - 7*h**2 - 7*h + 2. Let i be s(-6). Let c(q) = 9*q**2 + 2*q + 0*q - 96*q**3 + 95*q**3 - i + 4. What are the prime factors of c(9)?
2, 7
Let v = -8 + -102. Let d = 227 + v. What are the prime factors of d?
3, 13
Let s = -5 + 4. Let r(z) = 31*z**2 + 7*z - 9. Let f(d) = -15*d**2 - 4*d + 5. Let t(o) = 7*f(o) + 4*r(o). List the prime factors of t(s).
2, 3
Let u(h) be the first derivative of -3*h**2 - 9*h - 2. Let l be u(-7). Suppose c = -0*c + l. List the prime factors of c.
3, 11
Suppose 15 = 10*f - 5. Suppose 175 = 3*t - f*t. List the prime factors of t.
5, 7
Suppose 5*b = -5*p + 5720, -3*p - 5*b = -1513 - 1921. List the prime factors of p.
3, 127
Let y(g) = 12*g + 24. Let l be y(6). Let n = l + -65. What are the prime factors of n?
31
Let g(z) be the first derivative of -z**4/4 - z**3 + 8*z - 20. List the prime factors of g(-5).
2, 29
Suppose 3511 = 5*f - 3*v, 2825 = 14*f - 10*f + 3*v. What are the prime factors of f?
2, 11
Let r(n) = -2*n**2 - 110*n - 43. What are the prime factors of r(-40)?
13, 89
Let u = -302 - -166. Let a = u - -273. List the prime factors of a.
137
Suppose s + 17 - 15 = 0. Let h(f) = -4*f**3 + 4*f**2 + 5*f. What are the prime factors of h(s)?
2, 19
Suppose -3*w = -5*z - 161, -w - 255 = -6*w + 5*z. What are the prime factors of w?
47
Let s = 1865 + -1549. What are the prime factors of s?
2, 79
Let b = 331 - -469. What are the prime factors of b?
2, 5
Suppose -5*s = 2*j + 2, -3*s = 2*j + 4 - 2. Suppose 5*t = -4*o + 3*o - 8, -2*o - 2*t + 16 = s. List the prime factors of (-4)/(-6) + o/9.
2
Suppose -1938 = 23*x - 25*x. What are the prime factors of x?
3, 17, 19
Let f(x) be the first derivative of -3*x**2/2 + 6*x + 13. List the prime factors of f(-2).
2, 3
Suppose -3*v + 69 = 4*m, -32 = 4*v + 3*m - 131. Suppose -2*x + 4*h = -102, 5*x - 5*h - 265 = -0*h. Let p = x - v. List the prime factors of p.
2, 7
Let k be 88/1 + (0 - (-10)/5). Suppose 0 = -g - 0*g + 2. Suppose f + g*f = k. What are the prime factors of f?
2, 3, 5
Suppose 4*d - 9 = 15. Suppose -3*g + 2*c - 241 = -d*g, -4*g = -5*c - 329. List the prime factors of g.
3
Suppose -343*f = -354*f + 17787. What are the prime factors of f?
3, 7, 11
Let s be (2/3)/((-2)/(-9)). Suppose -3*z = s*z - 84. Let i = z - 8. List the prime factors of i.
2, 3
Let b(v) = 48*v - 24. Let c be b(-6). What are the prime factors of 2 + c/32*16/(-3)?
2, 3
Let o(u) = -u**3 - 9*u**2 - 11*u - 13. Let a(g) = g**2 - 8*g - 18. Let h be a(9). List the prime factors of o(h).
2, 43
Let s(j) be the third derivative of 5*j**4/24 + 13*j**3/6 - 25*j**2. List the prime factors of s(16).
3, 31
Let h be 4*(-20)/(-32)*-8. Let q be (8/(-6))/((-2)/(-33)). Let x = h - q. What are the prime factors of x?
2
Let i(b) be the second derivative of -b**4/12 + 8*b**3/3 + 35*b**2/2 - 8*b. List the prime factors of i(15).
2, 5
What are the prime factors of (-532)/(-80)*452 - 8/10?
5, 601
Let k be 53 - (3 + -1 + -3). Suppose 0 = 6*g + 3*g - k. What are the prime factors of g?
2, 3
Let o(m) be the second derivative of 3*m**5/20 - m**4/6 - m**3/3 + 2*m. Let r be (4*(0 + -1))/(-1 + -1). What are the prime factors of o(r)?
2, 3
Suppose -9*l - 12 = -12*l. Let y be (-45)/(-12) - (-1)/l. Suppose -2*j = 5*g - y, 3*j - 14 = -3*g + 10. List the prime factors of j.
2, 3
Let y(g) = g - 15. Let l be y(9). What are the prime factors of (-267)/l*(-2 - -4)?
89
Let x(k) = k**3 + 10*k**2 - 2*k - 8. Let b be x(-8). Suppose 2*h + 47 = 4*m - 89, 4*h = -4*m + b. List the prime factors of m.
2, 17
Suppose 0 = x - 4*q - 595, 0 = -2*x - 49*q + 52*q + 1200. List the prime factors of x.
3, 67
Suppose -4*n = -2*y - 6704, -5*n + y = -3*y - 8383. What are the prime factors of n?
5, 67
Let s(y) = 6*y + 15. Let i be s(-2). Suppose -5*l + i*l + 160 = 0. What are the prime factors of l?
2, 5
What are the prime factors of 1*(2/(-9) - 4959/(-81))?
61
What are the prime factors of (-6)/6 + -4 + 1005?
2, 5
Let j = -8 - -8. Suppose j = a + 3*a + 16, -4*g + a + 244 = 0. What are the prime factors of g?
2, 3, 5
Suppose 0 = 4*w + 2*z + 40, -3*z + 0*z = 4*w + 40. List the prime factors of 2*(-1175)/w + -5.
2, 5, 23
Let q(m) = -m**3 + 15*m**2 - 2*m + 18. Let l be q(15). Let p = l + 46. List the prime factors of p.
2, 17
Let i = 47 + -77. Let d be (i/(-5))/(2 - 0). Suppose -d*r = -14 - 16. What are the prime factors of r?
2, 5
Let n(c) = -2*c - 6*c + 8 + 9*c. Let m be n(-10). List the prime factors of 98/28 - (-1)/m.
3
Let z be 4/(-8)*2 + 1. Let v(m) = -m**2 - m + 3. Let i be v(z). List the prime factors of 176/20 + i/15.
3
What are the prime factors of (2 + 0)/(26/104741*7)?
1151
Suppose 0*f - 5*f = -25. Suppose 59 = 2*c - f. Let d = -16 + c. What are the prime factors of d?
2
Let d(c) = 2*c - 1. Let q be d(3). Suppose 0 = -p - q*k + 33, 4*k + 76 = 5*p - 147. List the prime factors of p.
43
Let v(y) be the second derivative of y**3/6 + 2*y**2 - 3*y. Let a be v(-4). Suppose -3 = p, a = 2*n + 2*p + 3*p + 5. List the prime factors of n.
5
Suppose -9 = 3*v, 0*o - 2*o = -4*v - 22. Suppose 5*b - 200 = -o*i, 5*i - 3*b - 132 = i. List the prime factors of i.
2, 3
Let o(j) = -j**3 + 4*j**2 + 5*j - 2. Let h be o(5). What are the prime factors of -2 + 164/(h - -6)?
3, 13
Suppose -6144 = -5*s - 3*b, 20*b - 22*b = 2*s - 2460. List the prime factors of s.
3, 409
Let s(v) = -4*v**2 + 8*v + 3. Let t(d) = d + 1. Let u(h) = -s(h) + 3*t(h). List the prime factors of u(6).
2, 3, 19
Suppose 5*m = -4*p + 4984, -4*p + 5954 = -4*m + 934. List the prime factors of p.
3, 139
Let p(t) be the second derivative of -t**4/12 - t**3/3 + 11*t**2/2 - 3*t. List the prime factors of p(0).
11
Suppose -3*q - 2*u = -4*q + 12, 2*q = -3*u - 11. Let p be (3/q)/1*84. Let b = p - 45. What are the prime factors of b?
3
Suppose 0 = -8*t + 6*t + 182. Suppose 0*c + t = c. Suppose 3*w - c = -2*b, -4*b = -3*b - 5*w - 26. List the prime factors of b.
41
List the prime factors of ((-34496)/(-160))/((-2)/(-10)).
2, 7, 11
Let r = 3244 - 940. What are the prime factors of r?
2, 3
Let b(x) = x**2 - 6*x + 4. Let u(k) = -k**3 - 3*k**2 + 4*k + 2. Let g be u(-4). Suppose -5*o + 28 = 2*m, -3*m + g*m - 1 = -5*o. List the prime factors of b(m).
31
Let k = -20 - -25. Suppose k = 5*h, 5*l + h + 3*h = 289. What are the prime factors of l?
3, 19
Let h be (-6)/(-6) - (1 + -2). Suppose -4*c + 353 = 5*j + 43, -h*j - 3*c = -131. What are the prime factors of j?
2, 29
Suppose 17 = i - 5*k, 2*i - 2*k = -6*k + 90. Let v = i + 38. What are the prime factors of v?
3, 5
Let o(s) = 2*s + 6. Let g be (-2 + 2)/(10/5). Let x be o(g). Suppose 0 = -i + 41 - x. List the prime factors of i.
5, 7
Suppose 0*s + 19 = 5*s - y, -4*y - 16 = 0. Suppose -6*l = -3*l - 3*r - 219, -325 = -5*l - s*r. What are the prime factors of l?
2, 17
Let n(t) be the first derivative of 0*t + 6*t**3 + 4 + 1/2*t**2. What are the prime factors of n(-1)?
17
Let a(i) = 2*i**2 - 4*i - 1. Let w(k) = -3*k**2 + 3*k + 1. Let p(x) = -3*a(x) - 4*w(x). Let m = 1 + -3. List the prime factors of p(m).
23
Suppose -5*y = -2*y. Suppose 5*v - 4*v = y. Let b = v - -10. What are the prime factors of b?
2, 5
Let o = -159 - -266. Suppose 7*j - 54 = o. What are the prime factors of j?
23
Suppose 14 = 3*i + 5. Suppose u + i*f = 65, 66 = u - f + 3*f. List the prime factors of u/8*4 - -2.
2, 3
Let q = -431 + 912. What are the prime factors of q?
13, 37
Let d(p) = p**3 - 5*p**2 + 6*p - 3. Let r be d(4). Suppose -w + 4*h - 44 = 3, h + 193 = -r*w. List the prime factors of w/(-12) + 6/8.
2
Let w = -2612 + 4121. List the prime factors of w.
3, 503
Let n = -1043 - -1328. What are the prime factors of n?
3, 5, 19
Let z = 1764 + 1319. What are the prime factors of z?
3083
Let q = -152 - -610. List the prime factors of q.
2, 229
Suppose 11862 = -1096*b + 1102*b. List the prime factors of b.
3, 659
Let p(i) = 21*i**2 - 11*i + 31. List the prime factors of p(-8).
7, 11, 19
Let r = 2644 - 1186. What are the prime factors of r?
2, 3
Let v(t) = 24*t**2 - 3*t - 9. List the prime factors of v(-5).
2, 3, 101
Let c(u) = -65*u - 118. What are the pri